{"id":350,"date":"2024-04-19T21:08:43","date_gmt":"2024-04-19T19:08:43","guid":{"rendered":"https:\/\/notgeld.cl\/?post_type=product&#038;p=350"},"modified":"2025-09-18T13:34:56","modified_gmt":"2025-09-18T16:34:56","slug":"xanten-a1-50-pfennig-brunhilde","status":"publish","type":"product","link":"https:\/\/notgeld.cl\/index.php\/product\/xanten-a1-50-pfennig-brunhilde\/","title":{"rendered":"Xanten (a1) \u2013 50 Pfennig (Brunhilde)"},"content":{"rendered":"<p data-start=\"52\" data-end=\"82\">\ud83d\udcdc <strong data-start=\"55\" data-end=\"80\">Detalles del billete:<\/strong><\/p>\n<ul data-start=\"83\" data-end=\"952\">\n<li data-start=\"83\" data-end=\"141\">\n<p data-start=\"85\" data-end=\"141\"><strong data-start=\"85\" data-end=\"106\">Lugar de emisi\u00f3n:<\/strong> Ciudad de <strong data-start=\"117\" data-end=\"127\">Xanten<\/strong> (Alemania).<\/p>\n<\/li>\n<li data-start=\"142\" data-end=\"175\">\n<p data-start=\"144\" data-end=\"175\"><strong data-start=\"144\" data-end=\"161\">Valor facial:<\/strong> 50 Pfennig.<\/p>\n<\/li>\n<li data-start=\"176\" data-end=\"212\">\n<p data-start=\"178\" data-end=\"212\"><strong data-start=\"178\" data-end=\"188\">Fecha:<\/strong> 1 de octubre de 1921.<\/p>\n<\/li>\n<li data-start=\"213\" data-end=\"265\">\n<p data-start=\"215\" data-end=\"265\"><strong data-start=\"215\" data-end=\"228\">Impresor:<\/strong> J.A. Schwarz, Lindenberg (Allg\u00e4u).<\/p>\n<\/li>\n<li data-start=\"266\" data-end=\"576\">\n<p data-start=\"268\" data-end=\"301\"><strong data-start=\"268\" data-end=\"299\">Motivo principal (anverso):<\/strong><\/p>\n<ul data-start=\"304\" data-end=\"576\">\n<li data-start=\"304\" data-end=\"369\">\n<p data-start=\"306\" data-end=\"369\">Imagen central de la <strong data-start=\"327\" data-end=\"366\">catedral de Xanten (St. Viktor Dom)<\/strong>.<\/p>\n<\/li>\n<li data-start=\"372\" data-end=\"461\">\n<p data-start=\"374\" data-end=\"461\">A la izquierda aparece <strong data-start=\"397\" data-end=\"411\">San V\u00edctor<\/strong>, patrono de la ciudad, con un escudo her\u00e1ldico.<\/p>\n<\/li>\n<li data-start=\"464\" data-end=\"576\">\n<p data-start=\"466\" data-end=\"576\">A la derecha, <strong data-start=\"480\" data-end=\"496\">Santa Helena<\/strong>, madre del emperador Constantino, tambi\u00e9n vinculada a la tradici\u00f3n de Xanten.<\/p>\n<\/li>\n<\/ul>\n<\/li>\n<li data-start=\"577\" data-end=\"715\">\n<p data-start=\"579\" data-end=\"715\"><strong data-start=\"579\" data-end=\"589\">Texto:<\/strong> Indica que era v\u00e1lido hasta el <strong data-start=\"621\" data-end=\"648\">31 de diciembre de 1921<\/strong> como medio de pago dentro de la asociaci\u00f3n del Domo (Domverein).<\/p>\n<\/li>\n<li data-start=\"716\" data-end=\"952\">\n<p data-start=\"718\" data-end=\"952\"><strong data-start=\"718\" data-end=\"741\">Motivo del reverso:<\/strong> Representaci\u00f3n art\u00edstica de <strong data-start=\"770\" data-end=\"784\">Br\u00fcnnhilde<\/strong>, personaje de la mitolog\u00eda germ\u00e1nica y de la \u00f3pera de Richard Wagner <em data-start=\"854\" data-end=\"879\">El anillo del nibelungo<\/em>. El dise\u00f1o en silueta negra y dorada recuerda un estilo expresionista.<\/p>\n<\/li>\n<\/ul>\n<p data-start=\"954\" data-end=\"1282\">\u2694\ufe0f <strong data-start=\"957\" data-end=\"980\">Contexto hist\u00f3rico:<\/strong><br data-start=\"980\" data-end=\"983\" \/>Estos Notgeld fueron emitidos durante la crisis de posguerra en Alemania (inflaci\u00f3n tras la Primera Guerra Mundial). Eran billetes locales de emergencia, a menudo con dise\u00f1os art\u00edsticos, hist\u00f3ricos o mitol\u00f3gicos. Xanten emiti\u00f3 varias series con escenas de h\u00e9roes germ\u00e1nicos, catedrales y leyendas.<\/p>\n","protected":false},"excerpt":{"rendered":"<p><span style=\"font-size: 40px; color: #0000ff;\"><strong><em>Xanten<\/em><\/strong><\/span><\/p>\n<p>(Rhl\/NW) Dompfarre<\/p>\n<p><span style=\"color: #0000ff;\"><strong>Cod. 1454.1<\/strong><\/span>\u00a0 \u00a0&#8211;\u00a0 \u00a01.10.1921 &#8211; 31.12.1921 (Papel hecho a mano).<\/p>\n<p>6\u00a0 x\u00a0 50 Pf\u00a0 \u00a0&#8211;\u00a0 1\u00a0 x\u00a0 1 Mk<\/p>\n<p>&nbsp;<\/p>\n<p><span style=\"color: #0000ff;\"><strong><em>1.-\u00a0\u00a0\u00a0\u00a0 50 Pfennig &#8211; Brunhilde (95 x 72 mm.)<\/em><\/strong><\/span><\/p>\n<p>2.-\u00a0\u00a0\u00a0\u00a0 50 Pfennig &#8211; Siegfried (95 x 72 mm.)<\/p>\n<p>3.-\u00a0\u00a0\u00a0\u00a0\u00a0 50 Pfennig &#8211; La muerte de Siegfried (95 x 72 mm.)<\/p>\n<p>4.-\u00a0\u00a0\u00a0\u00a0 50 Pfennig &#8211; La lucha contra el drag\u00f3n (95 x 72 mm.)<\/p>\n<p>5.-\u00a0\u00a0\u00a0\u00a0\u00a0 50 Pfennig &#8211; La lucha contra los sajones (95 x 72 mm.)<\/p>\n<p>6-\u00a0\u00a0\u00a0\u00a0\u00a0 50 Pfennig &#8211; El tesoro de los nibelungos (95 x 72 mm.)<\/p>\n<p>7.-\u00a0\u00a0\u00a0\u00a0 1 Mark &#8211; (95 x 72 mm.)<\/p>\n<p>&nbsp;<\/p>\n<p>Colecci\u00f3n: <strong><em>Anibal Figueroa Etcheverry<\/em><\/strong><\/p>\n<p>Colaboraci\u00f3n: <strong><em>Dr. Walter Radrigan Vogel<\/em><\/strong><\/p>\n<p><span style=\"color: #0000ff;\"><em>Cat. Deutsches NOTGELD Tomo 2<\/em><\/span><\/p>\n","protected":false},"featured_media":401,"comment_status":"closed","ping_status":"closed","template":"","meta":[],"product_cat":[67],"product_tag":[],"class_list":{"0":"post-350","1":"product","2":"type-product","3":"status-publish","4":"has-post-thumbnail","6":"product_cat-a-despues-de-dompfarrer-un-punto-y-n-de-serie","8":"first","9":"instock","10":"virtual","11":"product-type-simple"},"_links":{"self":[{"href":"https:\/\/notgeld.cl\/index.php\/wp-json\/wp\/v2\/product\/350","targetHints":{"allow":["GET"]}}],"collection":[{"href":"https:\/\/notgeld.cl\/index.php\/wp-json\/wp\/v2\/product"}],"about":[{"href":"https:\/\/notgeld.cl\/index.php\/wp-json\/wp\/v2\/types\/product"}],"replies":[{"embeddable":true,"href":"https:\/\/notgeld.cl\/index.php\/wp-json\/wp\/v2\/comments?post=350"}],"wp:featuredmedia":[{"embeddable":true,"href":"https:\/\/notgeld.cl\/index.php\/wp-json\/wp\/v2\/media\/401"}],"wp:attachment":[{"href":"https:\/\/notgeld.cl\/index.php\/wp-json\/wp\/v2\/media?parent=350"}],"wp:term":[{"taxonomy":"product_cat","embeddable":true,"href":"https:\/\/notgeld.cl\/index.php\/wp-json\/wp\/v2\/product_cat?post=350"},{"taxonomy":"product_tag","embeddable":true,"href":"https:\/\/notgeld.cl\/index.php\/wp-json\/wp\/v2\/product_tag?post=350"}],"curies":[{"name":"wp","href":"https:\/\/api.w.org\/{rel}","templated":true}]}}